when 165 is divided by y.
49
Suppose 9 = 3*h, 6 = -g + 4*h - 1. Let i = 6 - g. Calculate the remainder when (i - 0)*(22 + -8) is divided by 4.
2
Suppose 0 = 4*f - f + 5*r - 722, 0 = 2*f + 4*r - 484. Let z = f - 136. What is the remainder when z is divided by 33?
32
Let j(w) = 10*w + 1. Let x(b) = 10*b. Let p(k) = 3*j(k) - 2*x(k). Calculate the remainder when 50 is divided by p(1).
11
Let l be ((-4)/(-5))/(4/580). Let t(u) = -u**3 - 5*u**2 - u + 1. Let k be t(-5). Suppose 0 = -2*a + k*a - l. What is the remainder when a is divided by 8?
5
Let x = -20 + 18. Let r be -4 - 2 - (-5 - x). What is the remainder when -28*r/((-12)/(-4)) is divided by 15?
13
Let b(r) = r**3 - 2*r. Let d be b(2). Suppose d*v + 5*c = 136, -v - c = -0*v - 33. What is the remainder when 142 is divided by v?
26
Suppose -390 = 4*k - 17*k. Calculate the remainder when 104 is divided by k.
14
Let r(v) = -4*v + 5. Let k(m) = -3*m - 1. Let s be k(3). Let x be r(s). Suppose -6*y + x = -3*y. Calculate the remainder when 59 is divided by y.
14
Let c = 584 + -550. Suppose p = 3*p + 8, -2*j + 48 = -3*p. What is the remainder when c is divided by j?
16
Suppose 19*j - 520 = 88. Suppose -s = -2 - 11. Calculate the remainder when j is divided by s.
6
Let d(i) = -i**2 + 2*i - 5. Let b be d(3). What is the remainder when 57 is divided by ((-319)/44)/(2/b)?
28
Let g = 144 - 45. What is the remainder when g is divided by 20?
19
Suppose 0 = 2*n - 24 - 8. What is the remainder when (50 - (-3)/(-3)) + -4 is divided by n?
13
Suppose -2*r = 2*r - 292. Suppose -3*u = -17 - r. What is the remainder when u + 3/(-9)*0 is divided by 11?
8
Let o = -120 - -173. Let f = o + -40. Calculate the remainder when 89 is divided by f.
11
Let t(r) be the third derivative of r**6/60 + 2*r**5/15 + r**4/24 - r**3/2 - 14*r**2. Calculate the remainder when 59 is divided by t(-3).
11
Suppose 2*k + 294 = 5*n + 49, 0 = -3*n + 3*k + 147. Calculate the remainder when n is divided by 18.
13
Suppose 0 = -3*x + 6, 4*l - 2*x = -4*x + 120. Let q = -46 + 63. What is the remainder when l is divided by q?
12
Suppose -84 = 8*v - 92. Calculate the remainder when 5 is divided by v.
0
Suppose 0 = 16*v + 363 - 1739. What is the remainder when v is divided by 30?
26
Let n(x) = -x**3 + 13*x**2 - 12*x + 2. Suppose 0 + 20 = 5*z. Calculate the remainder when z is divided by n(12).
0
Let l be (-100)/15*(-6)/(-5). Let u = -4 + l. Let o = 16 + u. What is the remainder when 9 is divided by o?
1
Let r = 91 + -57. Calculate the remainder when r is divided by 21.
13
Suppose -3*t + 5 + 1 = 0. Let z(l) = -183 - 2*l + 90 + 6*l + 95. Calculate the remainder when z(t) is divided by 3.
1
Let p be (66/12)/11 + (-5)/(-2). What is the remainder when 51 is divided by 55*(-2 - -1)*p/(-15)?
7
Let t(b) = -68*b**3 - 3*b**2 + b + 3. Calculate the remainder when t(-1) is divided by 25.
17
Suppose -4*r + 53 = 2*v + 5, -5*r = 4*v - 60. Suppose -4 = -z + 17. Calculate the remainder when z is divided by r.
9
What is the remainder when (0 + (-420)/(-18))/((-2)/(-12)) is divided by 21?
14
Suppose -k = 4*t - 20, k - 3*t + 3 = -12. Suppose k*g = -3*g + 57. Suppose -4*o + 3*o + 37 = 0. What is the remainder when o is divided by g?
18
Let o(n) = -2*n + 2. Let q be o(-1). Suppose -3*r = -22 - 23. What is the remainder when 3*((q - 1) + (-34)/(-6)) is divided by r?
11
Suppose 0 = t - 3*d + 15 + 21, 0 = -4*t - 5*d - 178. Let m = -30 - t. Suppose -8*p + 5*p + m = 0. Calculate the remainder when 13 is divided by p.
1
Let c(f) = 24*f**2 - 6*f - 6. Calculate the remainder when 119 is divided by c(-1).
23
What is the remainder when 121 is divided by 2/(4/21)*(14 - 12)?
16
Let y(z) = z**2 - 5*z + 2. Let t be y(6). Let r(f) = -f**2 + 11*f - 11. What is the remainder when r(t) is divided by (-5 + 0)/(8 + -9)?
3
Let z = -14 - -16. Suppose -t - z = -19. Suppose -2*l + t = -l. What is the remainder when l is divided by 6?
5
Let u = 43 + -67. Let d = 29 + u. Suppose -19 = -d*a + m, 0*m = 3*a - 2*m - 17. Calculate the remainder when 3 is divided by a.
0
Let z = 14 + 106. Suppose 5*v + z = 5*u, -37 = -3*u - 5*v + v. Let j(b) = 19*b**2 - 3*b + 3. What is the remainder when j(2) is divided by u?
16
Let u be (-6)/(-4)*9/((-135)/(-740)). Suppose 2*y = -w + 17, 0 = -5*w + 6*y - 5*y + u. Calculate the remainder when 71 is divided by w.
11
Let b = 72 + -37. Suppose 23*h - 8*h - 285 = 0. Calculate the remainder when b is divided by h.
16
Let d(o) = o**3 - 10*o**2 + 2*o - 5. Let z = -7 + 17. What is the remainder when d(z) is divided by 8?
7
Suppose 0 = h - 5 - 6. What is the remainder when (7 - 85)*2/(-3) is divided by h?
8
Let g = -680 + 717. What is the remainder when 208 is divided by g?
23
Let h = 118 - 101. Suppose 2*g + 85 = 3*w - 122, 225 = 3*w + 4*g. Suppose -2*d + 130 = 4*s - 0*d, 2*s - 5*d = w. Calculate the remainder when s is divided by h.
16
Let g(q) = -2*q**3 + 27*q**2 - 7*q - 44. What is the remainder when 63 is divided by g(13)?
29
Let l(i) = -i**3 - 17*i**2 - 31*i - 12. Let n be l(-15). Suppose 0 = -n*t - 2*g + 94, -3*t + g = 6*g - 109. What is the remainder when 81 is divided by t?
25
Let v = 51 - 11. Calculate the remainder when v is divided by (-7684)/(-306) + (-2)/18.
15
Suppose 0 = -3*s - 4*j + 546, 9*s - 182 = 8*s - 4*j. What is the remainder when s is divided by 50?
32
Suppose -350 = -3*d - 2*d. Suppose f - 4*l = 6, f + 36*l - 12 = 38*l. Calculate the remainder when d is divided by f.
16
Suppose -5*k - 3*c - 2 = 0, -2*c - 16 = 2*k + 3*c. Let g(a) = 3*a. Calculate the remainder when (-528)/(-54) - k/(-9) is divided by g(2).
4
Let c be -1 + (-1 - (2 + -2)/(-2)). Let w(a) = -a**3 + a**2 + 3*a - 4. What is the remainder when 2 is divided by w(c)?
0
Let f = -20 + 16. Let l = -30 + 45. Calculate the remainder when (124/f + 2)*-2 is divided by l.
13
Let u be (-3)/9 - (-19)/3. Suppose 4*b + u - 82 = 0. What is the remainder when 35 is divided by b?
16
What is the remainder when 111 is divided by 11/(-22) - (74/(-4) + 2)?
15
Suppose -85*n + 56 = -84*n. Calculate the remainder when n is divided by 18.
2
Suppose -141 = 7*i + 34. Calculate the remainder when 5/i*0 + 37 is divided by 10.
7
Suppose -3*i - 180 + 273 = 0. Calculate the remainder when 53 is divided by i.
22
Let v(u) = -u**3 + 63*u**2 - 180*u + 22. Calculate the remainder when 723 is divided by v(60).
19
Let w(g) = 3*g**3 + 1 - 6 + 7*g - 4*g**3 + 4*g**2. Let o be w(5). Let v = 13 - o. Calculate the remainder when 14 is divided by v.
6
Let p be (-2 - -22)/4 - -30. Let i = 96 - 40. Let c = i - p. What is the remainder when 83 is divided by c?
20
Let r(g) = -2*g**3 - 11*g**2 - 6*g + 3. Suppose 5*v - 2*w = 545, 2*v + 2*v - 424 = 4*w. Calculate the remainder when v is divided by r(-5).
7
Suppose 4*j - 48 - 18 = 2*b, 4*b + 78 = 5*j. Let y(r) = 29*r - 29. Let n be y(6). Suppose 23*f = j*f + n. Calculate the remainder when f is divided by 8.
5
Suppose 3*n - 2*b = 60, 4*n + 28 = 5*b + 101. Calculate the remainder when 174 is divided by n.
20
Suppose -2*p + 50 = 4*g, g - 14 + 4 = 2*p. Calculate the remainder when 42 is divided by (56/g)/(1/3) + -3.
9
Suppose -85 = -5*y - 20. Suppose t = -y + 25. Calculate the remainder when 17 is divided by t.
5
Let c(q) = 2*q - 9. Let u(l) = l + 1. Let h(f) = c(f) - 6*u(f). Calculate the remainder when 52 is divided by h(-6).
7
Let z(b) = -3*b + 49. Suppose j + 0*f - f - 28 = 0, 5*j - 160 = -5*f. Calculate the remainder when j is divided by z(11).
14
Let q(l) = l**2 - 4*l + 80. What is the remainder when 503 is divided by q(7)?
99
Let o be ((-273)/13)/((-1)/1). Let r = o - 14. What is the remainder when r is divided by 3?
1
Suppose 4*d = 19*q - 21*q + 74, -3*d = 3*q - 102. Calculate the remainder when q is divided by ((-1)/1)/(2/(-38)).
12
Let b(h) = 49 - 197*h - 201*h + 402*h. Calculate the remainder when b(-6) is divided by 9.
7
Let y(u) = u**2 - 6*u + 2. Let t be y(6). Let o = 29 - t. Suppose 0 = -4*l - o + 75. What is the remainder when 35 is divided by l?
11
Let j = -4 + 6. Suppose 13 + 3 = j*k. Suppose 0 = 41*w - 45*w + 60. Calculate the remainder when w is divided by k.
7
Let f = 22 - 20. Suppose f = 2*w - 4. Calculate the remainder when 4 is divided by w.
1
Let x(j) = 3 - 2*j - 2 + 9 + 5*j. Calculate the remainder when 79 is divided by x(4).
13
Suppose 0 = 6*z - 0*z - 18. Let s(w) = -3*w 